 -46 - -9?
-16
Calculate -2 - (-11 - -1 - (-19 - -22)).
11
What is (-11 - 3) + -17 + 20?
-11
What is -2 - -3 - 4 - (-107 + 111)?
-7
Calculate 21 + -41 + 9 - 0.
-11
What is the value of 25 + -13 - (3 + -11 - -3)?
17
What is (-32 - (-19 - (-16 + 21))) + (1 - -1)?
-6
What is the value of (-13 - 1 - (3 + -4)) + (-232 - -229)?
-16
Evaluate (-15 - -11) + 9 - -19 - 5.
19
-33 + 38 + (3 + 0 + -7 - 12)
-11
What is (31 + -18 - (18 - -4)) + 2 + 19?
12
What is the value of (-14 - -7) + -2 + 9?
0
-2 - (2 - (5 + -1)) - -1
1
(6 - 4) + -20 + 23 + -15
-10
What is the value of -60 - (6 + -31) - (2 + -4 + -4)?
-29
Calculate (0 - 5) + -13 + (-11 - -19).
-10
Calculate 0 + -16 + 8 + (27 - 5).
14
What is (-11 + 35 - 7) + -16?
1
Calculate 14 - 20 - -1 - (-16 - (2 + -1)).
12
Evaluate 1 + 11 + -3 + (259 - 266).
2
Evaluate 0 + 1 + -12 + 9.
-2
What is the value of -3 + 0 + 8 + (10 - 40) - 0?
-25
What is the value of 27 - (26 + 7) - -29?
23
Calculate -36 + -24 + 29 - (-6 + (1 - -1)).
-27
Evaluate -34 + (8 + -4 - 0) + (67 - 57).
-20
Calculate -4 + (0 - -1) + -28 + 40.
9
Calculate -16 - (-6 + (25 - 13) + -8).
-14
What is 4 - -17 - (2 - (6 - -1))?
26
What is the value of 30 + -1 + 0 + 0 + (2 - 12)?
19
What is -190 + 182 - (1 + -6)?
-3
What is (11 - -6) + (33 - 32)?
18
What is 21 - -2 - (14 + -4)?
13
What is 19 + (-37 - -13) + (-3 - -1)?
-7
(2 - -4) + -6 - 9
-9
Evaluate 7 + -1 + -1 + 234 + -242.
-3
What is (20 - 13) + -11 + -1?
-5
Evaluate -24 + 0 + (-42 - -84 - 30).
-12
Evaluate (-8 - -9) + 32 + -10 + 1.
24
Calculate -1 - -16 - (-613 - -621).
7
What is the value of 5 + -2 + (-3 + 2 - 3) - 1?
-2
Evaluate (4 - (-3 + 7)) + (-18 + 22 - -1).
5
Evaluate -10 - (-12 + -4 + 10) - 9.
-13
Calculate 2 + -5 + (37 - 32) - (1 - 2).
3
-14 - ((16 - 32) + 14)
-12
Evaluate 29 - 4 - (136 - 120).
9
What is the value of -16 + 12 + -9 - -23?
10
What is 0 - -1 - (-7 - (-8 + 9) - 5)?
14
What is (-33 + 18 - -11) + -11?
-15
What is 26 + (-22 - (12 + -16))?
8
What is 3 - ((-11 + 29 - 24) + 1 + -8)?
16
Evaluate -7 + (15 - ((3 - -5) + (10 - 13))).
3
What is -5 + (-1 - -7) - -8 - 14?
-5
What is 69 + -73 - (5 - -1) - -22?
12
Calculate (14 - (21 - 1)) + 6.
0
Evaluate 0 + -3 + (18 - (-9 + 18)).
6
Evaluate 25 - 19 - -10 - 9.
7
What is -2 + 10 + -14 - 6 - -6?
-6
What is the value of (-7 - -19) + (10 - (6 - 6))?
22
-3 - (-12 - -5) - -12 - 9
7
2 + (-25 - -9 - -7) + -14
-21
-8 + -7 - (13 + (-12 - (11 + -20)))
-25
What is -4 - (59 + -8 + -16 - 9)?
-30
Calculate -1 + 26 - (-303 - -318).
10
What is (20 - 1) + 26 + -39?
6
What is (-8 - -8) + 8 + (-6 - -3)?
5
Evaluate (-8 - -3 - -13) + -6 + -6.
-4
Calculate -43 + (21 - 1) - -33.
10
What is -4 + -10 + (-1 - (-12 - -4)) + -4?
-11
Calculate (8 - 0) + -6 + (-10 - -12) - 8.
-4
9 + 11 + (6 - (-8 - -17))
17
What is -21 - -27 - 10 - (1 + 14)?
-19
-5 + (13 + -9 + -17 - -5)
-13
14 - 5 - -2 - 13
-2
Calculate -5 + 14 - (2 + 5 + -7).
9
What is the value of 16 - (63 - -10) - -30?
-27
Calculate -4 + (12 + -5 + 11 - -6).
20
Calculate (-10 - (-5 + -16)) + -17.
-6
What is the value of 26 + -1 - (12 + 13)?
0
What is the value of -8 + (-9 - 5) + 13?
-9
What is 3 + (-13 - 1) + 3 - 9?
-17
Evaluate 4 - (6 - 21) - 5.
14
Calculate -3 - (20 + -13 + -16) - (0 - 6).
12
What is the value of (-126 + 70 - -60) + -1 + 17?
20
Evaluate -390 + 393 - (-2 + 1 + 14).
-10
Evaluate (-8 - (-1 - 15)) + 3.
11
Calculate 52 - 52 - (-4 - 0).
4
Calculate -27 - (-3 - -8) - -6.
-26
Calculate 3 + 5 + -2 + 5 + (10 - 9).
12
Calculate -8 - -24 - (6 - -9).
1
What is -7 + 11 + -1 + -1 - (13 + 2)?
-13
What is 5 - 24 - (-74 + 69)?
-14
What is the value of -4 - 0 - (-4 - 0)?
0
Calculate 1 + -2 - (-45 - -43).
1
What is the value of -3 + (-1 - -8) + 5 - -1?
10
Evaluate (0 - -4) + 2 - (15 - (0 - 3)).
-12
What is the value of 223 + -237 + -3 + 27?
10
What is the value of 0 + 18 + -10 + 4 - (8 - -2)?
2
What is the value of 6 - 6 - 0 - (1 + -19 + 6)?
12
Calculate -26 - -14 - (38 + -29).
-21
What is the value of -9 + 36 + 8 + -40?
-5
Calculate 14 - ((-15 - -18) + 28 - -1).
-18
Evaluate 4 + -3 + 1 + (3 - (-14 - -18)).
1
Evaluate 2 + 4 + 6 + -18 + (-1 - -2).
-5
What is 16 - (-14 - -23) - 4?
3
What is 18 + (39 - (12 + -7) - 14)?
38
Calculate (-6 - 2 - 8) + -9.
-25
What is the value of -11 + -62 + 41 - -27?
-5
4 - (3 - (-13 + 6 - (7 + 0)))
-13
What is (2 + -39 - -21) + 12?
-4
Evaluate -21 + 2 + 16 + -26 + -3 + 14.
-18
Evaluate -11 + 23 + -6 + (-8 - -2).
0
31 - (-2 - -19 - (-11 + 33 + -10))
26
-14 - (13 + 6 + -24)
-9
Evaluate -1 + (-1 - 6) + 4 + 3.
-1
What is the value of (-21 + 27 - 4) + 1 + 6?
9
What is 95 + -110 - (-9 + 3)?
-9
Evaluate 16 + -20 + (11 + -6 - -21) + -4.
18
What is the value of 11 + -31 + (21 - 12)?
-11
What is -35 - ((-1 - 19) + -94 + 102)?
-23
What is the value of -9 + 7 + -4 + (8 - (-2 - -1))?
3
Calculate (-1 - 10) + (0 - ((-1 - 2) + -4)).
-4
3 + -7 - (-3 + -10 - (-2 - -1))
8
Calculate -8 - (-35 + (8 - 0)).
19
Calculate (-3 - 3) + 71 + -60.
5
What is (7 + 0 - (13 + -21 + 6)) + -6?
3
What is 0 + (-19 - -14 - 2)?
-7
Calculate 17 - (3 + -15 + 13 + -7).
23
-12 + (-24 - (-4 - 38))
6
What is the value of 7 - ((4 + -3 - -2) + 5)?
-1
Evaluate -10 - (1 + (-22 - -8)).
3
Evaluate -2 + -10 + 5 + -4 + 4.
-7
Calculate (-10 + -13 - -3) + 8.
-12
What is the value of (-6 - (3 + 2) - (2 + -1)) + 5?
-7
Calculate 20 + -27 + 30 + -38.
-15
23 + (0 - (-1 + 13))
11
(16 + -17 - (0 + -4)) + (-2 - 1)
0
-1 - -51 - (220 + -193)
23
Evaluate (19 + -35 - 18) + 8.
-26
What is the value of 3 - (15 + 2 + 2 + 1 - 0)?
-17
Evaluate 30 + (19 - 19) - 26.
4
What is the value of (0 + 14 - 3) + (-27 - (-91 - -43))?
32
Evaluate (360 - 353) + (0 - -4) + -7.
4
-2 + (2 - (1 + 7) - -7)
-1
(-3 + -5 - (-9 - (-28 - -6))) + 2
-19
-2 + (0 - -17) - 15
0
What is the value of 16 - ((26 - 1) + -8)?
-1
What is -29 + 21 + (7 - -1) - 0?
0
What is the value of 1 + 0 - (6 + -14 + (10 - 2))?
1
(18 - 1 - 11) + -12
-6
What is the value of 22 - (12 - (7 + -6)) - 21?
-10
-14 + -2 + (-6 - -13) + -4
-13
What is 5 + (-5 + -7 - -4)?
-3
Calculate -2 + 1 - (4 - -13 - 20) - 16.
-14
(-3 - (-65 - -29)) + (0 - 6)
27
What is the value of 8 + (-14 - (1 + -8 + 11))?
-10
Calculate 24 - 24 - (4 - 18) - 39.
-25
Evaluate -11 + -16 + (-4 + 10 - (5 + -6)).
-20
Evaluate 6 - (-22 + 52 + -47).
23
What is 11 - (44 - 19) - (14 - 4)?
-24
What is -383 - -390 - (-1 + 11 + 0)?
-3
32 - (22 - -16) - -31
25
What is the value of 5 + (-2 - ((5 - -2) + -12)) + 3?
11
-7 - (5 - 3) - 0
-9
0 - (8 + (-1 + -7 - (12 + -19)))
-7
Calculate 9 - (28 + 7 - 26).
0
Calculate (-3 - 31) + -11 + 27.
-18
Calculate 9 + -5 - (-12 + 24).
-8
Calculate 3 + -2 + 4 - -14 - 6.
13
Calculate 5 + 8 + -17 + (2 - -3) - 5.
-4
Evaluate -25 + -3 - ((3 - 9) + 14 - 12).
-24
1 - ((-7 - (-2 + 2)) + -29 + 31)
6
What is -13 - (18 - 34) - (0 - 3)?
6
What is (-10 - -23) + 0 + -5 + 5?
13
Evaluate 3 - (24 - 9) - -7.
-5
Calculate (6 - -4) + (-38 - -5).
-23
Calculate -144 + 156 - (25 - -1).
-14
Calculate -8 + 16 + -22 - -13.
-1
What is (-6 - -3 - (-10 + 4 + 1)) + -5?
-3
-5 + (7 - 9 - -6 - (5 + -2))
-4
Evaluate -25 - (18 + -2) - -16.
-25
Calculate -7 + (-1 - -8) + -1 + 55 + -53.
1
What is -36 + 45 + (-1 - 0) + 5?
13
(3 - (-5 + 6)) + (24 - 12)
14
What is the value of -902 + 921 - (2 - (-2 - -2))?
17
What is (262 - 264) + 3 + -1 + -2 + 3?
1
What is -9 + (-10 - -8) - (-45 - (1 - 6))?
29
(1 - -7 - (-1 + (-23 - -31))) + 7
8
What is the value of 7 + -8 + 6 + 13 + -25?
-7
(-12 - -12 - 0) + -12 + 6
-6
(7 - (8 + 2 - 8)) + -3 + 9
11
What is (27 - 14) + -24 + 9 + 30?
28
What is 0 + -4 + (-35 - -29) - -2?
-8
Evaluate (-760 - -771) + -1 + -24.
-14
What is -4 + (5 + 3 - -5 - 5) - -8?
12
Evaluate -45 + 42 + 13 + -10.
0
What is -22 + 17 + -26 - -11?
-20
Evaluate 1 - (-8 + -5 + -1 + 13 - 14).
16
15 + (2 + -4 - 5)
8
Evaluate 8 - (-109 - -95 - (-36 - 0)).
-14
What is -4 - (10 - (-15 + 32 + -5))?
-2
What is the value of (2 + 19 - (-6 - -2)) + (-13 - -13)?
25
What is (4 - ((-10 - -9 - -8) + 3)) + 13?
7
What is the value of 29 + -22 + -31 + 47?
23
Evaluate 1 + 0 + 0 + 4 + (6 - 5).
6
Evaluate -13 - 6 - -22 - 0.
3
What is 9 + (-6 - -4) + 11 + 2 + -3?
17
What is the value of 1 - (2 - 3) - (-69 - (-73 - 8))?
-10
Evaluate 5 - (-9 + (5 + -10 - -10) + 4).
5
What is (-7 - 1) + 13 + -18 + -11 + 10?
-14
What is the value of -31 - -19 - -9 - (-4 - 0)?
1
(-2 - (-6 - (1 - -6)) - 5) + -3
3
Eva